{"id":695,"date":"2023-06-20T21:01:59","date_gmt":"2023-06-20T21:01:59","guid":{"rendered":"https:\/\/malcev.de\/?page_id=695"},"modified":"2025-12-07T13:35:47","modified_gmt":"2025-12-07T13:35:47","slug":"unsere-leistungen","status":"publish","type":"page","link":"https:\/\/malcev.de\/index.php\/unsere-leistungen\/","title":{"rendered":"Leistungen"},"content":{"rendered":"\n<div class=\"wp-block-columns has-background is-layout-flex wp-container-core-columns-is-layout-9d6595d7 wp-block-columns-is-layout-flex\" style=\"background:radial-gradient(rgb(184,201,88) 0%,rgb(81,190,224) 100%)\">\n<div class=\"wp-block-column is-layout-flow wp-block-column-is-layout-flow\" style=\"flex-basis:33.33%\">\n<div class=\"wp-block-cover is-light\"><img loading=\"lazy\" decoding=\"async\" width=\"1707\" height=\"2560\" class=\"wp-block-cover__image-background wp-image-463\" alt=\"\" src=\"https:\/\/malcev.de\/wp-content\/uploads\/2023\/06\/toa-heftiba-a9pFSC8dTlo-unsplash-1-scaled.jpg\" data-object-fit=\"cover\" srcset=\"https:\/\/malcev.de\/wp-content\/uploads\/2023\/06\/toa-heftiba-a9pFSC8dTlo-unsplash-1-scaled.jpg 1707w, https:\/\/malcev.de\/wp-content\/uploads\/2023\/06\/toa-heftiba-a9pFSC8dTlo-unsplash-1-200x300.jpg 200w, https:\/\/malcev.de\/wp-content\/uploads\/2023\/06\/toa-heftiba-a9pFSC8dTlo-unsplash-1-683x1024.jpg 683w, https:\/\/malcev.de\/wp-content\/uploads\/2023\/06\/toa-heftiba-a9pFSC8dTlo-unsplash-1-768x1152.jpg 768w, https:\/\/malcev.de\/wp-content\/uploads\/2023\/06\/toa-heftiba-a9pFSC8dTlo-unsplash-1-1024x1536.jpg 1024w, https:\/\/malcev.de\/wp-content\/uploads\/2023\/06\/toa-heftiba-a9pFSC8dTlo-unsplash-1-1365x2048.jpg 1365w, https:\/\/malcev.de\/wp-content\/uploads\/2023\/06\/toa-heftiba-a9pFSC8dTlo-unsplash-1-40x60.jpg 40w\" sizes=\"auto, (max-width: 1707px) 100vw, 1707px\" \/><span aria-hidden=\"true\" class=\"wp-block-cover__background has-background-dim\"><\/span><div class=\"wp-block-cover__inner-container is-layout-flow wp-block-cover-is-layout-flow\">\n<p class=\"has-text-align-center has-white-color has-text-color has-large-font-size\"><strong>Klassische Massage<\/strong><br><strong>25\u20ac<\/strong><\/p>\n<\/div><\/div>\n<\/div>\n\n\n\n<div class=\"wp-block-column is-layout-flow wp-block-column-is-layout-flow\" style=\"flex-basis:66.66%\">\n<p>Die klassische Massage ist eine weit verbreitete Form der manuellen Therapie, die darauf abzielt, die Entspannung der Muskeln zu f\u00f6rdern, die Durchblutung zu verbessern und Spannungen im K\u00f6rper zu l\u00f6sen. Bei dieser Massageform werden verschiedene Techniken angewendet, wie Streichungen, Knetungen, Reiben und Klopfen, um Verspannungen zu l\u00f6sen und den K\u00f6rper zu revitalisieren.<\/p>\n\n\n\n<p>Die klassische Massage kann verschiedene positive Effekte haben, darunter Stressabbau, Linderung von Muskelverspannungen, Verbesserung der Durchblutung und F\u00f6rderung des allgemeinen Wohlbefindens. Sie wird h\u00e4ufig als therapeutische Ma\u00dfnahme eingesetzt, kann aber auch zur Entspannung und zur F\u00f6rderung des k\u00f6rperlichen und geistigen Gleichgewichts genutzt werden.<\/p>\n<\/div>\n<\/div>\n\n\n\n<hr class=\"wp-block-separator has-alpha-channel-opacity\"\/>\n\n\n\n<div class=\"wp-block-columns has-background is-layout-flex wp-container-core-columns-is-layout-9d6595d7 wp-block-columns-is-layout-flex\" style=\"background:radial-gradient(rgb(184,201,88) 0%,rgb(81,190,224) 100%)\">\n<div class=\"wp-block-column is-layout-flow wp-block-column-is-layout-flow\" style=\"flex-basis:33.33%\">\n<div class=\"wp-block-cover is-light\"><img loading=\"lazy\" decoding=\"async\" width=\"1024\" height=\"1024\" class=\"wp-block-cover__image-background wp-image-932 size-full\" alt=\"\" src=\"https:\/\/malcev.de\/wp-content\/uploads\/2025\/11\/Gemini_Generated_Image_tkr9fctkr9fctkr9.png\" data-object-fit=\"cover\" srcset=\"https:\/\/malcev.de\/wp-content\/uploads\/2025\/11\/Gemini_Generated_Image_tkr9fctkr9fctkr9.png 1024w, https:\/\/malcev.de\/wp-content\/uploads\/2025\/11\/Gemini_Generated_Image_tkr9fctkr9fctkr9-300x300.png 300w, https:\/\/malcev.de\/wp-content\/uploads\/2025\/11\/Gemini_Generated_Image_tkr9fctkr9fctkr9-150x150.png 150w, https:\/\/malcev.de\/wp-content\/uploads\/2025\/11\/Gemini_Generated_Image_tkr9fctkr9fctkr9-768x768.png 768w\" sizes=\"auto, (max-width: 1024px) 100vw, 1024px\" \/><span aria-hidden=\"true\" class=\"wp-block-cover__background has-background-dim\" style=\"background-color:#b8b6b2\"><\/span><div class=\"wp-block-cover__inner-container is-layout-flow wp-block-cover-is-layout-flow\">\n<p class=\"has-text-align-center has-white-color has-text-color has-large-font-size\">Krankengymnastik<\/p>\n<\/div><\/div>\n<\/div>\n\n\n\n<div class=\"wp-block-column is-layout-flow wp-block-column-is-layout-flow\" style=\"flex-basis:66.66%\">\n<div class=\"wp-block-group is-vertical is-layout-flex wp-container-core-group-is-layout-8cf370e7 wp-block-group-is-layout-flex\">\n<div class=\"wp-block-group is-vertical is-layout-flex wp-container-core-group-is-layout-8cf370e7 wp-block-group-is-layout-flex\">\n<p>Krankengymnastik, auch bekannt als Physiotherapie oder Physiotherapie, ist eine medizinische Fachdisziplin, die sich mit der Pr\u00e4vention, Behandlung und Rehabilitation von Erkrankungen, Verletzungen und Funktionsst\u00f6rungen des Bewegungsapparates befasst. Das Hauptziel der Krankengymnastik besteht darin, die Bewegungsf\u00e4higkeit, Funktion und Lebensqualit\u00e4t von Patienten zu verbessern oder wiederherzustellen. <\/p>\n\n\n\n<p>Die Krankengymnastik basiert auf wissenschaftlichen Erkenntnissen und verwendet verschiedene Behandlungsmethoden und -techniken, um individuelle Bed\u00fcrfnisse und Ziele zu erf\u00fcllen. Dazu geh\u00f6ren \u00dcbungen zur St\u00e4rkung, Mobilisierung und Dehnung von Muskeln, Gelenken und Geweben. Es werden auch manuelle Techniken wie Massage, Gelenkmobilisation und Manipulation angewendet, um Schmerzen zu lindern, Beweglichkeit zu verbessern und die Funktion des <\/p>\n<\/div>\n\n\n\n<div class=\"show_more\"><p class=\"wpsm-show\" style=\"color: #0066cc; font-size: 100%; text-align: left;\"> Mehr lesen<\/p><div class=\"wpsm-content\">Bewegungsapparates zu optimieren. Die Krankengymnastik wird in verschiedenen medizinischen Bereichen eingesetzt, darunter Orthop\u00e4die, Neurologie, P\u00e4diatrie, Sportmedizin und Geriatrie. Sie kann bei einer Vielzahl von Erkrankungen und Zust\u00e4nden eingesetzt werden, einschlie\u00dflich R\u00fcckenschmerzen, Arthritis, Schlaganfall, Muskuloskelettverletzungen, Atemwegserkrankungen und neurologischen St\u00f6rungen. <p class=\"wpsm-hide\" style=\"color: #0066cc; font-size: 100%; text-align: left;\"> Wenig lesen<\/p><\/div><\/div>\n<\/div>\n<\/div>\n<\/div>\n\n\n\n<hr class=\"wp-block-separator has-alpha-channel-opacity\"\/>\n\n\n\n<div class=\"wp-block-columns has-background is-layout-flex wp-container-core-columns-is-layout-9d6595d7 wp-block-columns-is-layout-flex\" style=\"background:radial-gradient(rgb(184,201,88) 0%,rgb(81,190,224) 100%)\">\n<div class=\"wp-block-column is-layout-flow wp-block-column-is-layout-flow\" style=\"flex-basis:33.33%\">\n<div class=\"wp-block-cover is-light\"><img loading=\"lazy\" decoding=\"async\" width=\"2560\" height=\"1707\" class=\"wp-block-cover__image-background wp-image-512\" alt=\"\" src=\"https:\/\/malcev.de\/wp-content\/uploads\/2023\/06\/toa-heftiba-hBLf2nvp-Yc-unsplash-scaled.jpg\" data-object-fit=\"cover\" srcset=\"https:\/\/malcev.de\/wp-content\/uploads\/2023\/06\/toa-heftiba-hBLf2nvp-Yc-unsplash-scaled.jpg 2560w, https:\/\/malcev.de\/wp-content\/uploads\/2023\/06\/toa-heftiba-hBLf2nvp-Yc-unsplash-300x200.jpg 300w, https:\/\/malcev.de\/wp-content\/uploads\/2023\/06\/toa-heftiba-hBLf2nvp-Yc-unsplash-1024x683.jpg 1024w, https:\/\/malcev.de\/wp-content\/uploads\/2023\/06\/toa-heftiba-hBLf2nvp-Yc-unsplash-768x512.jpg 768w, https:\/\/malcev.de\/wp-content\/uploads\/2023\/06\/toa-heftiba-hBLf2nvp-Yc-unsplash-1536x1024.jpg 1536w, https:\/\/malcev.de\/wp-content\/uploads\/2023\/06\/toa-heftiba-hBLf2nvp-Yc-unsplash-2048x1365.jpg 2048w, https:\/\/malcev.de\/wp-content\/uploads\/2023\/06\/toa-heftiba-hBLf2nvp-Yc-unsplash-90x60.jpg 90w, https:\/\/malcev.de\/wp-content\/uploads\/2023\/06\/toa-heftiba-hBLf2nvp-Yc-unsplash-370x247.jpg 370w, https:\/\/malcev.de\/wp-content\/uploads\/2023\/06\/toa-heftiba-hBLf2nvp-Yc-unsplash-776x517.jpg 776w\" sizes=\"auto, (max-width: 2560px) 100vw, 2560px\" \/><span aria-hidden=\"true\" class=\"wp-block-cover__background has-background-dim\"><\/span><div class=\"wp-block-cover__inner-container is-layout-flow wp-block-cover-is-layout-flow\">\n<p class=\"has-text-align-center has-white-color has-text-color has-large-font-size\"><strong>Manualle Therapie<\/strong><\/p>\n<\/div><\/div>\n<\/div>\n\n\n\n<div class=\"wp-block-column is-layout-flow wp-block-column-is-layout-flow\" style=\"flex-basis:66.66%\">\n<div class=\"wp-block-group is-vertical is-layout-flex wp-container-core-group-is-layout-8cf370e7 wp-block-group-is-layout-flex\">\n<p>Die manuelle Therapie ist eine spezialisierte Form der physiotherapeutischen Behandlung, die sich auf die Untersuchung und Behandlung von St\u00f6rungen des Bewegungsapparates konzentriert. Bei der manuellen Therapie werden verschiedene manuelle Techniken eingesetzt, um die Gelenke, Muskeln, Sehnen und B\u00e4nder des K\u00f6rpers zu untersuchen und zu behandeln.<br>Das Hauptziel der manuellen Therapie ist es, Schmerzen zu lindern, die Beweglichkeit zu verbessern und die Funktion des Bewegungsapparates zu optimieren. Die manuellen Techniken umfassen unter anderem Mobilisationen, Manipulationen, Dehnungen, Muskelenergietechniken und Weichteiltechniken. Ein manueller Therapeut oder eine manuelle Therapeutin f\u00fchrt eine gr\u00fcndliche Untersuchung des Patienten durch, <div class=\"show_more\"><p class=\"wpsm-show\" style=\"color: #0066cc; font-size: 100%; text-align: left;\"> Mehr lesen<\/p><div class=\"wpsm-content\">um eine genaue Diagnose zu stellen und einen individuellen Behandlungsplan zu erstellen. Die Behandlung erfolgt durch gezielte Handgriffe, die auf die spezifischen Bed\u00fcrfnisse des Patienten abgestimmt sind. Durch sanften Druck, Zug oder Streckung werden eingeschr\u00e4nkte Gelenke mobilisiert, Muskeln entspannt und Verspannungen gel\u00f6st. Die manuelle Therapie kann bei verschiedenen muskuloskelettalen Beschwerden und Erkrankungen eingesetzt werden, wie z. B. R\u00fcckenschmerzen, Nackenschmerzen, Gelenkbeschwerden, Arthritis, Bandscheibenproblemen und Sportverletzungen. Sie kann auch bei der Rehabilitation nach Verletzungen oder Operationen eingesetzt werden.  <p class=\"wpsm-hide\" style=\"color: #0066cc; font-size: 100%; text-align: left;\"> Wenig lesen<\/p><\/div><\/div><\/p>\n<\/div>\n<\/div>\n<\/div>\n\n\n\n<hr class=\"wp-block-separator has-alpha-channel-opacity\"\/>\n\n\n\n<div class=\"wp-block-columns has-background is-layout-flex wp-container-core-columns-is-layout-9d6595d7 wp-block-columns-is-layout-flex\" style=\"background:radial-gradient(rgb(184,201,88) 0%,rgb(81,190,224) 100%)\">\n<div class=\"wp-block-column is-layout-flow wp-block-column-is-layout-flow\" style=\"flex-basis:33.33%\">\n<div class=\"wp-block-cover is-light\"><img loading=\"lazy\" decoding=\"async\" width=\"256\" height=\"256\" class=\"wp-block-cover__image-background wp-image-525\" alt=\"\" src=\"https:\/\/malcev.de\/wp-content\/uploads\/2023\/06\/Bobath_3.jpeg\" data-object-fit=\"cover\" srcset=\"https:\/\/malcev.de\/wp-content\/uploads\/2023\/06\/Bobath_3.jpeg 256w, https:\/\/malcev.de\/wp-content\/uploads\/2023\/06\/Bobath_3-150x150.jpeg 150w, https:\/\/malcev.de\/wp-content\/uploads\/2023\/06\/Bobath_3-60x60.jpeg 60w\" sizes=\"auto, (max-width: 256px) 100vw, 256px\" \/><span aria-hidden=\"true\" class=\"wp-block-cover__background has-background-dim\"><\/span><div class=\"wp-block-cover__inner-container is-layout-flow wp-block-cover-is-layout-flow\">\n<p class=\"has-text-align-center has-white-color has-text-color has-large-font-size\"><strong>Bobath<\/strong><\/p>\n<\/div><\/div>\n<\/div>\n\n\n\n<div class=\"wp-block-column is-layout-flow wp-block-column-is-layout-flow\" style=\"flex-basis:66.66%\">\n<div class=\"wp-block-group is-vertical is-layout-flex wp-container-core-group-is-layout-8cf370e7 wp-block-group-is-layout-flex\">\n<p>Das Bobath-Konzept wurde nach dem Ehepaar Dr. Karel und Bertha Bobath benannt und basiert auf neurophysiologischen und entwicklungsneurologischen Grundlagen.<br>Das Bobath-Konzept richtet sich vor allem an Patienten \u2013 Erwachsene und Kinder- mit St\u00f6rungen des zentralen Nervensystems, Einschr\u00e4nkungen der Motorik, Wahrnehmung oder des Gleichgewichts und orientiert sich an den Ressourcen des Patienten. Das Ziel der Therapie ist, dem Patienten eine bessere Bew\u00e4ltigung seines Alltags zu erm\u00f6glichen, um seine Selbstst\u00e4ndigkeit und Lebensqualit\u00e4t zu erh\u00f6hen.<br>Im Unterschied zu anderen Therapiekonzepten gibt es im Bobath-Konzept keine festen \u00dcbungen, im Vordergrund stehen individuelle und alltagsbezogene therapeutische Aktivit\u00e4ten.  Angeborene oder erworbene Sch\u00e4digungen des zentralen Nervensystems bei Kindern und Erwachsenen.<div class=\"show_more\"><p class=\"wpsm-show\" style=\"color: #0066cc; font-size: 100%; text-align: left;\"> Mehr lesen<\/p><div class=\"wpsm-content\"> Paresen, Teilparesen oder Muskeldysbalancen unterschiedlicher Ursache<br>Motorische Koordinationsst\u00f6rungen oder zerebrale Bewegungsst\u00f6rungen<br>Sch\u00e4del-Hirn-Traumen<br>Schlaganfall<br>Morbus Parkinson<br>Querschnittsl\u00e4hmung<br>Multiple Sklerose  <p class=\"wpsm-hide\" style=\"color: #0066cc; font-size: 100%; text-align: left;\"> Wenig lesen<\/p><\/div><\/div><\/p>\n<\/div>\n<\/div>\n<\/div>\n\n\n\n<hr class=\"wp-block-separator has-alpha-channel-opacity\"\/>\n\n\n\n<div class=\"wp-block-columns has-background is-layout-flex wp-container-core-columns-is-layout-9d6595d7 wp-block-columns-is-layout-flex\" style=\"background:radial-gradient(rgb(184,201,88) 0%,rgb(81,190,224) 100%)\">\n<div class=\"wp-block-column is-layout-flow wp-block-column-is-layout-flow\" style=\"flex-basis:33.33%\">\n<div class=\"wp-block-cover is-light\"><img loading=\"lazy\" decoding=\"async\" width=\"256\" height=\"256\" class=\"wp-block-cover__image-background wp-image-527\" alt=\"\" src=\"https:\/\/malcev.de\/wp-content\/uploads\/2023\/06\/Fangopackung.jpeg\" data-object-fit=\"cover\" srcset=\"https:\/\/malcev.de\/wp-content\/uploads\/2023\/06\/Fangopackung.jpeg 256w, https:\/\/malcev.de\/wp-content\/uploads\/2023\/06\/Fangopackung-150x150.jpeg 150w, https:\/\/malcev.de\/wp-content\/uploads\/2023\/06\/Fangopackung-60x60.jpeg 60w\" sizes=\"auto, (max-width: 256px) 100vw, 256px\" \/><span aria-hidden=\"true\" class=\"wp-block-cover__background has-background-dim\"><\/span><div class=\"wp-block-cover__inner-container is-layout-flow wp-block-cover-is-layout-flow\">\n<p class=\"has-text-align-center has-white-color has-text-color has-large-font-size\"><strong>Fangopackung<\/strong><\/p>\n<\/div><\/div>\n<\/div>\n\n\n\n<div class=\"wp-block-column is-layout-flow wp-block-column-is-layout-flow\" style=\"flex-basis:66.66%\">\n<div class=\"wp-block-group is-vertical is-layout-flex wp-container-core-group-is-layout-8cf370e7 wp-block-group-is-layout-flex\">\n<p>Die Fangopackung ist eine therapeutische Anwendung. Die Heilerde wird vor der Anwendung erhitzt, um eine angenehme Temperatur zu erreichen. Die Fangopackung wird haupts\u00e4chlich in der Physiotherapie und Rehabilitation eingesetzt, um verschiedene Beschwerden des Bewegungsapparates zu behandeln.<br>Der Fango enth\u00e4lt Mineralien, Spurenelemente und organische Substanzen, die entz\u00fcndungshemmende, schmerzlindernde und muskelentspannende Eigenschaften haben. <br>Fangotherapie erfolgt das Auflegen einer vorbereiteten \u201eFangopackung\u201c. <br>Die Dauer der Fangopackung kann je nach Behandlungsziel und individueller Vertr\u00e4glichkeit variieren, in der Regel dauert sie jedoch etwa 15 bis 30 Minuten.<br>W\u00e4hrend der Anwendung dringt die W\u00e4rme des Fangos in das Gewebe ein, was die Durchblutung f\u00f6rdert und Muskelverspannungen l\u00f6sen kann. Die Mineralien und Spurenelemente k\u00f6nnen den Stoffwechsel anregen und die Regeneration des Gewebes unterst\u00fctzen.<\/p>\n<\/div>\n<\/div>\n<\/div>\n\n\n\n<hr class=\"wp-block-separator has-alpha-channel-opacity\"\/>\n\n\n\n<div class=\"wp-block-columns has-background is-layout-flex wp-container-core-columns-is-layout-9d6595d7 wp-block-columns-is-layout-flex\" style=\"background:radial-gradient(rgb(184,201,88) 0%,rgb(81,190,224) 100%)\">\n<div class=\"wp-block-column is-layout-flow wp-block-column-is-layout-flow\" style=\"flex-basis:33.33%\">\n<div class=\"wp-block-cover\"><img loading=\"lazy\" decoding=\"async\" width=\"556\" height=\"556\" class=\"wp-block-cover__image-background wp-image-891\" alt=\"\" src=\"https:\/\/malcev.de\/wp-content\/uploads\/2023\/06\/MG-Wilke_Manual_lymphatic_drainage_medicine_realistic_5da2e16b-08cd-4e0f-8db3-d7a98b8f499f.png\" data-object-fit=\"cover\" srcset=\"https:\/\/malcev.de\/wp-content\/uploads\/2023\/06\/MG-Wilke_Manual_lymphatic_drainage_medicine_realistic_5da2e16b-08cd-4e0f-8db3-d7a98b8f499f.png 556w, https:\/\/malcev.de\/wp-content\/uploads\/2023\/06\/MG-Wilke_Manual_lymphatic_drainage_medicine_realistic_5da2e16b-08cd-4e0f-8db3-d7a98b8f499f-300x300.png 300w, https:\/\/malcev.de\/wp-content\/uploads\/2023\/06\/MG-Wilke_Manual_lymphatic_drainage_medicine_realistic_5da2e16b-08cd-4e0f-8db3-d7a98b8f499f-150x150.png 150w, https:\/\/malcev.de\/wp-content\/uploads\/2023\/06\/MG-Wilke_Manual_lymphatic_drainage_medicine_realistic_5da2e16b-08cd-4e0f-8db3-d7a98b8f499f-60x60.png 60w\" sizes=\"auto, (max-width: 556px) 100vw, 556px\" \/><span aria-hidden=\"true\" class=\"wp-block-cover__background has-background-dim\"><\/span><div class=\"wp-block-cover__inner-container is-layout-flow wp-block-cover-is-layout-flow\">\n<p class=\"has-text-align-center has-white-color has-text-color has-large-font-size\">Manuelle Lymphdrainage<\/p>\n<\/div><\/div>\n<\/div>\n\n\n\n<div class=\"wp-block-column is-layout-flow wp-block-column-is-layout-flow\" style=\"flex-basis:66.66%\">\n<div class=\"wp-block-group is-vertical is-layout-flex wp-container-core-group-is-layout-8cf370e7 wp-block-group-is-layout-flex\">\n<p>Die Manuelle Lymphdrainage ist eine spezielle physikalische Therapieform. Sie dient haupts\u00e4chlich als \u00d6dem- und Entstauungstherapie geschwollener K\u00f6rperregionen. Durch spezielle verschiebe-Techniken wie Drehgriffe, Sch\u00f6pfgriffe, Pumpgriffe und stehende Kreise versucht der Therapeut den Abfluss der Fl\u00fcssigkeit entlang der Lymphbahnen zu beschleunigen und so das \u00d6dem zu reduzieren.<br>Ein weiteres Ergebnis der Lymphdrainage ist die Sympathikusblockierung. Es kommt zu Schmerzlinderung und entspannender Wirkung auf die Skelettmuskulatur.<br>Angewandt wird die Methode bei:<br>Prim\u00e4r und Sekund\u00e4r Lymph\u00f6demen<br>Lipo-Lymph\u00f6demen \/ Plebo-Lymph\u00f6demen<br>Sklerodermie<div class=\"show_more\"><p class=\"wpsm-show\" style=\"color: #0066cc; font-size: 100%; text-align: left;\"> Mehr lesen<\/p><div class=\"wpsm-content\">Verletzungen \/ Verbrennungen<br>Schleudertrauma<br>nach Operationen \/ Traumen<br>angeborener Schw\u00e4che der Lymphgef\u00e4\u00dfe<br>nach Tumorbehandlung bzw. Lymphknotenentfernung<br>akutem Schub bei PCP, M. Bechterew, MS, aktivierte Arthrose, akutem Bandscheibenvorfall<br>Morbus Sudeck<br>Kindern und Erwachsenen mit rezidivierenden Infektionen im Nasen-Rachenraum<br>Ziklisch-idiopatische \u00d6demen<br>Asthmatikern (durch Entspannung der VNS)<br>Migr\u00e4ne \/ Kopfschmerzen \/ Zahnschmerzen  <p class=\"wpsm-hide\" style=\"color: #0066cc; font-size: 100%; text-align: left;\"> Wenig lesen<\/p><\/div><\/div><\/p>\n<\/div>\n<\/div>\n<\/div>\n\n\n\n<hr class=\"wp-block-separator has-alpha-channel-opacity\"\/>\n\n\n\n<div class=\"wp-block-columns has-background is-layout-flex wp-container-core-columns-is-layout-9d6595d7 wp-block-columns-is-layout-flex\" style=\"background:radial-gradient(rgb(184,201,88) 0%,rgb(81,190,224) 100%)\">\n<div class=\"wp-block-column is-layout-flow wp-block-column-is-layout-flow\" style=\"flex-basis:33.33%\">\n<div class=\"wp-block-cover is-light\"><img loading=\"lazy\" decoding=\"async\" width=\"556\" height=\"556\" class=\"wp-block-cover__image-background wp-image-642\" alt=\"\" src=\"https:\/\/malcev.de\/wp-content\/uploads\/2023\/06\/MG-Wilke_kinesio-tape_knee_medical_procedure_ca20e41a-659b-4b21-bd2f-98d63c0caec7.png\" data-object-fit=\"cover\" srcset=\"https:\/\/malcev.de\/wp-content\/uploads\/2023\/06\/MG-Wilke_kinesio-tape_knee_medical_procedure_ca20e41a-659b-4b21-bd2f-98d63c0caec7.png 556w, https:\/\/malcev.de\/wp-content\/uploads\/2023\/06\/MG-Wilke_kinesio-tape_knee_medical_procedure_ca20e41a-659b-4b21-bd2f-98d63c0caec7-300x300.png 300w, https:\/\/malcev.de\/wp-content\/uploads\/2023\/06\/MG-Wilke_kinesio-tape_knee_medical_procedure_ca20e41a-659b-4b21-bd2f-98d63c0caec7-150x150.png 150w, https:\/\/malcev.de\/wp-content\/uploads\/2023\/06\/MG-Wilke_kinesio-tape_knee_medical_procedure_ca20e41a-659b-4b21-bd2f-98d63c0caec7-60x60.png 60w\" sizes=\"auto, (max-width: 556px) 100vw, 556px\" \/><span aria-hidden=\"true\" class=\"wp-block-cover__background has-background-dim\"><\/span><div class=\"wp-block-cover__inner-container is-layout-flow wp-block-cover-is-layout-flow\">\n<p class=\"has-text-align-center has-white-color has-text-color has-large-font-size\">K-Taping<\/p>\n<\/div><\/div>\n<\/div>\n\n\n\n<div class=\"wp-block-column is-layout-flow wp-block-column-is-layout-flow\" style=\"flex-basis:66.66%\">\n<p>K-Taping ist eine spezielle Methode des Tapens, die in der physikalischen Therapie eingesetzt wird. Das K-Taping verwendet elastische Baumwolltapes mit einer Acrylkleberschicht auf der R\u00fcckseite, die sich gut an die Haut anpassen und Bewegungen erm\u00f6glichen. Diese Tapes werden in bestimmten Mustern auf die Haut aufgebracht, um unterschiedliche therapeutische Effekte zu erzielen.<br>Das K-Taping hat verschiedene Ziele und kann zur Schmerzlinderung, zur Unterst\u00fctzung von Gelenken und Muskeln, zur Verbesserung der Durchblutung, zur Entlastung von Gewebe oder zur Stabilisierung von Gelenken eingesetzt werden. Die elastischen Tapes wirken wie eine zus\u00e4tzliche Schicht der Haut und k\u00f6nnen je nach Anlagetechnik eine Vielzahl von biomechanischen Reaktionen hervorrufen.<br>Die Anwendung von K-Tapes erfordert eine genaue Kenntnis der Anatomie und <div class=\"show_more\"><p class=\"wpsm-show\" style=\"color: #0066cc; font-size: 100%; text-align: left;\"> Mehr lesen<\/p><div class=\"wpsm-content\"> der spezifischen  Anlagetechniken. Die Tapes werden in der Regel von speziell geschulten Therapeuten oder \u00c4rzten angebracht, um optimale Ergebnisse zu erzielen. Die Tapes bleiben in der Regel mehrere Tage auf der Haut haften und k\u00f6nnen w\u00e4hrend dieser Zeit problemlos geduscht oder sogar schwimmen gegangen werden.<br>K-Taping wird in verschiedenen Bereichen der physikalischen Therapie eingesetzt, darunter Orthop\u00e4die, Sportmedizin und Neurologie. Es kann bei verschiedenen Zust\u00e4nden wie Muskelverletzungen, Gelenkschmerzen, R\u00fcckenschmerzen, Lymph\u00f6demen und anderen verwendet werden. Es ist wichtig anzumerken, dass das K-Taping eine unterst\u00fctzende Therapiemethode ist und in Kombination mit anderen physiotherapeutischen Ma\u00dfnahmen und Behandlungen eingesetzt wird, um optimale Ergebnisse zu erzielen. <p class=\"wpsm-hide\" style=\"color: #0066cc; font-size: 100%; text-align: left;\"> Wenig lesen<\/p><\/div><\/div><\/p>\n<\/div>\n<\/div>\n","protected":false},"excerpt":{"rendered":"<p>Die klassische Massage ist eine weit verbreitete Form der manuellen Therapie, die darauf abzielt, die Entspannung der Muskeln zu f\u00f6rdern, die Durchblutung zu verbessern und Spannungen im K\u00f6rper zu l\u00f6sen. &hellip; <\/p>\n","protected":false},"author":1,"featured_media":0,"parent":0,"menu_order":0,"comment_status":"closed","ping_status":"closed","template":"","meta":{"ngg_post_thumbnail":0,"footnotes":""},"class_list":["post-695","page","type-page","status-publish","hentry"],"_links":{"self":[{"href":"https:\/\/malcev.de\/index.php\/wp-json\/wp\/v2\/pages\/695","targetHints":{"allow":["GET"]}}],"collection":[{"href":"https:\/\/malcev.de\/index.php\/wp-json\/wp\/v2\/pages"}],"about":[{"href":"https:\/\/malcev.de\/index.php\/wp-json\/wp\/v2\/types\/page"}],"author":[{"embeddable":true,"href":"https:\/\/malcev.de\/index.php\/wp-json\/wp\/v2\/users\/1"}],"replies":[{"embeddable":true,"href":"https:\/\/malcev.de\/index.php\/wp-json\/wp\/v2\/comments?post=695"}],"version-history":[{"count":145,"href":"https:\/\/malcev.de\/index.php\/wp-json\/wp\/v2\/pages\/695\/revisions"}],"predecessor-version":[{"id":953,"href":"https:\/\/malcev.de\/index.php\/wp-json\/wp\/v2\/pages\/695\/revisions\/953"}],"wp:attachment":[{"href":"https:\/\/malcev.de\/index.php\/wp-json\/wp\/v2\/media?parent=695"}],"curies":[{"name":"wp","href":"https:\/\/api.w.org\/{rel}","templated":true}]}}